). Suppose -r + q = -4. Suppose -r*h + 338 + 346 = 0. Calculate the remainder when h is divided by 29.
27
Let a = 102 - -21. Let m = a - 42. Let t = m + -71. What is the remainder when 58 is divided by t?
8
Let b(q) = -q**2 - 21*q - 23. Suppose 81 + 79 = 5*i. Suppose -3*r - 23 = 4*j, -4*r + 0*r - 5*j - i = 0. What is the remainder when b(r) is divided by 14?
11
Suppose -25*z = -91*z + 3300. What is the remainder when z is divided by 9?
5
Let c(x) = -x - 6. Let n be c(-7). Suppose l - 26 = -0*l. What is the remainder when (n*-93)/(3*(-1)/3) is divided by l?
15
Let m(q) = 4*q - 14. Let a be 11/(-33) + 26/6. Let h be m(a). Suppose 0 = h*o - 33 - 5. What is the remainder when 72 is divided by o?
15
Suppose -d = 1, -4*t + 4*d - 2*d = -98. Let q = 15 + -16. Calculate the remainder when q*(-1 + -2) + 3 + 111 is divided by t.
21
Let o(f) = -f**3 + 3*f**2 + 12*f - 11. Let d be o(5). Let s be (d + 10)/(6/4). Calculate the remainder when 14 is divided by (-3 - s/(-3)) + 4.
2
What is the remainder when 506 is divided by (-370)/(-148)*158/5?
32
Let q(i) = i**3 - 4*i**2 + 3*i - 4. Let a(z) = -2*z**3 - 27*z**2 - 71*z - 376. What is the remainder when a(-12) is divided by q(4)?
4
Let b(r) be the third derivative of r**5/60 - 2*r**4/3 + 77*r**3/6 + 43*r**2. Let i = 128 - 33. Calculate the remainder when i is divided by b(7).
11
Let t(c) = 29*c**2 - 4*c - 12. Calculate the remainder when t(4) is divided by 14.
2
Let p = 43183 - 42815. Calculate the remainder when p is divided by 26.
4
Suppose -137*r = -322*r - 388*r + 50424. What is the remainder when r is divided by 14 - (2 - 2) - 1?
10
Suppose 0 = 2*k - 23 - 13. Let c(b) be the second derivative of 3*b**5/2 - b**4/12 + b**3/2 - b**2/2 - 29*b. Calculate the remainder when c(1) is divided by k.
13
What is the remainder when (-1)/(-2)*1169896/91 is divided by 48?
44
Let z = 3351 + -2744. What is the remainder when z is divided by 53?
24
Let n = -2021 - -2058. Let g(r) = -r**3 - 2*r**2 + 2*r - 3. Let u be g(-3). Suppose 8 = -u*v + v. Calculate the remainder when n is divided by v.
5
Let g(b) = 7*b + 10*b**3 - b**2 + 648 - 642 - 30*b**3. What is the remainder when 70 is divided by g(-1)?
16
Let s be 1*9/((-18)/10). Calculate the remainder when 46 is divided by 5 - -2 - -12 - s*1.
22
Suppose t - 26 + 1 = -x, -66 = -2*x + 2*t. What is the remainder when 8523 is divided by x?
26
Suppose 37*t - 38*t = -4. Suppose -t*n = -5 - 79. Suppose -g = -n + 12. What is the remainder when 23 is divided by g?
5
Suppose -543*l - 2030 = -557*l. What is the remainder when l is divided by 77?
68
Let x be (-4)/18 + 2/(54/142809). Suppose -7*k + x = 36*k. What is the remainder when k is divided by 4?
3
Suppose 0 = 5*b - 27*b + 7282. Let r = 462 - b. What is the remainder when r is divided by 44?
43
Let p = -6022 + 6053. Calculate the remainder when 671 is divided by p.
20
What is the remainder when 172 is divided by -2 + (-8)/(8/(-31))?
27
Let v(x) = -1. Let r(z) = 5*z - 7. Let c(i) = -r(i) + 5*v(i). Calculate the remainder when 11 is divided by c(-1).
4
Suppose -4*f + 3*v = -4840, -2*v - 912 = -2*f + 1510. Let i = f + -879. Calculate the remainder when i is divided by 10.
8
Suppose -4*o - 33 = 55. What is the remainder when 151 is divided by o/((-13)/5 + (-48)/(-80))?
8
Suppose 49 = -0*d + 2*d + 5*z, 0 = -2*d - 2*z + 52. Let o = d - -4. Suppose -30*p = -29*p - o. Calculate the remainder when p is divided by 8.
7
Suppose 479*g - 597*g = -32450. Calculate the remainder when 1382 is divided by g.
7
Let a(w) = -w**3 + 7*w**2 - 7*w - 14. Let b be a(4). Let i = 58 - b. Calculate the remainder when i is divided by 9.
7
Let c = -20 + 41. Suppose 422*m + 52 = 426*m. Suppose m*v = -15*v + 336. Calculate the remainder when c is divided by v.
9
Suppose -5*v - 240 = -5*d, -d - v = 8 - 58. Calculate the remainder when d is divided by 2.
1
Let y = -2405 + 3629. Suppose 2*w + y = 5*r + 19, 2*r - 3*w - 471 = 0. Calculate the remainder when r is divided by 31.
26
Let c = -21687 + 21899. What is the remainder when 447 is divided by c?
23
Let u = -601 + 651. Calculate the remainder when 9649 is divided by u.
49
Let c = -191 - -224. Suppose y - c = 2. Calculate the remainder when 173 is divided by y.
33
What is the remainder when 383 is divided by ((-13 - 722/(-57)) + 13/3)*2?
7
Let w(q) be the third derivative of 0 + 1/60*q**5 - 9/2*q**3 + 1/4*q**4 + 0*q - q**2. What is the remainder when w(-11) is divided by 16?
12
Let r(x) = -2*x**2 + 5 - 10*x**3 - 29*x + 23*x - 7. What is the remainder when r(-2) is divided by 18?
10
Suppose -45*m = -494 - 226. What is the remainder when m is divided by (3 - 2)/(3/27)?
7
Let x be (-259)/(4 - (-26)/(-6)). Suppose -5*b = -203 - x. Let k = b + -1. Calculate the remainder when k is divided by 33.
30
Suppose -23*d = -46*d + 4301. What is the remainder when d is divided by 99?
88
Let p = 6694 + -6248. What is the remainder when 462 is divided by p?
16
Suppose -202*t + 195*t + 112 = 0. Calculate the remainder when 44 is divided by t.
12
Suppose -4*s + 4953 + 1130 = 3*y, 3*s - 6 = 0. Calculate the remainder when y is divided by 14.
9
Suppose 1352*o - 1348*o = x - 23, 0 = -2*x - 3*o + 13. Let l be 1 + -1 + 3 + 0. Suppose l*i = 5*i - 64. What is the remainder when i is divided by x?
10
Suppose 4*r - 8 = 0, -34*z - 2*r + 4 = -37*z. Suppose 33*u - 25*u - 864 = z. What is the remainder when u is divided by 56?
52
Let l(f) = f**3 - 6*f**2 + 92*f - 487. Calculate the remainder when 219 is divided by l(6).
24
Suppose -1 = -5*o + i + 2*i, -4 = -2*o + 3*i. Let t be (30/(-15))/(o*(-3 - -1)). Calculate the remainder when 93 is divided by -1*(-2022)/42 - t/(-7).
45
What is the remainder when 451 is divided by ((-3624)/60)/(20/(-15)*3/10)?
149
Let x = -73 - -76. Suppose -9*j + x*j = -12. Calculate the remainder when 17 is divided by ((-2)/j)/(((-40)/(-15))/(-8)).
2
What is the remainder when (-125)/250*(-82573 - -5) is divided by 19?
16
Suppose -6*b + 978 - 30 = 0. Suppose 2*v = -5*v. Suppose -6*d = -v*d - 192. Calculate the remainder when b is divided by d.
30
Let b = 135 + -131. Let o(n) = n**3 - 12*n**2 + n - 8. Let t be o(13). Calculate the remainder when (t/18)/((-1)/(-3)) is divided by b.
1
Let p = -7513 + 7592. What is the remainder when p is divided by 35?
9
Calculate the remainder when (-18 + 9 + -18)/((-6)/94) is divided by 131.
30
Suppose 15*x + 3219 - 8694 = 0. What is the remainder when x is divided by 19?
4
Let z(c) = -c**3 + 13*c**2 + 37*c - 239. Calculate the remainder when 217 is divided by z(14).
51
Let q = 15020 - 14953. What is the remainder when q is divided by 56?
11
Let k = -18328 + 18505. Calculate the remainder when 670 is divided by k.
139
Suppose -y = 4*b - 355, 150 = 2*b - 4*y - 14. Suppose -180 = -24*n + 60. What is the remainder when b is divided by n?
8
Let r = 3653 + -3600. What is the remainder when r is divided by 48?
5
Let r = -962 + 1044. Calculate the remainder when 278 is divided by r.
32
Let s(o) = -7*o**2 - 3 + 3*o + 4*o**3 - o**3 - 2*o**3 + 1. Let v be s(7). Suppose -39 = 16*z - v*z. What is the remainder when 129 is divided by z?
12
Let s = -622 + 537. Let d be ((-94)/(-6))/(3/(-9)). Let h = d - s. What is the remainder when h is divided by 10?
8
Let p = -26354 - -26367. What is the remainder when 5652 is divided by p?
10
Suppose k + 6 - 11 = 0, -96 = -3*d - 3*k. Let f(x) = 2*x**2 - 2*x + 16. Let j be f(-8). Suppose j = 6*z - 4*z. What is the remainder when z is divided by d?
26
Suppose 74*z - 89*z = -140 - 190. Let r(f) be the third derivative of -23*f**4/24 - 2*f**3/3 + 2*f**2. Calculate the remainder when r(-3) is divided by z.
21
Let g = 67 + -40. Suppose -4*k = 5*v - g, 11 - 5 = 2*v. Suppose k*f + 17 = 4*f. What is the remainder when 67 is divided by f?
16
Suppose 0 = 2*k - 2. Let a = -10 + k. Calculate the remainder when 9 is divided by (-3)/2*2 + (-45)/a.
1
Calculate the remainder when -7 + 60/(-12) + 760 is divided by 107.
106
Suppose -1091 = -5*d - 12*y + 15*y, 3*d - 2*y - 654 = 0. Calculate the remainder when d is divided by 54.
4
Let m(r) be the second derivative of -r**5/20 + 5*r**4/4 + 2*r**3 + 7*r**2 + 8*r. Let s be m(16). What is the remainder when 58 is divided by 8/(-16) - s/4?
10
Suppose 4*p - 70 = -2*n + 9*p, -2*n + 62 = -3*p. Let z(a) = -a**2 + 30*a - 60. What is the remaind